e the second derivative of t(n). Is s(-2) composite?
True
Suppose -24*o = -17*o - 122857. Is o a composite number?
False
Suppose 3*d - 13 = 2. Suppose 186 = -r + 3*r. Suppose -2*n - d*u + 138 = -r, 0 = -2*u - 6. Is n a composite number?
True
Let i = -195 - -551. Let c(y) = 9 - 189*y - 2 - i*y. Is c(-2) a prime number?
True
Suppose -3*w + 8*z - 690 = 3*z, 2*w + 460 = 5*z. Let m(y) = -180*y + 1. Let k be m(-3). Let l = k + w. Is l composite?
False
Let a = 5023 + -1410. Is a a prime number?
True
Suppose 41 = 5*n - 44. Let w = n + -10. Is w/(-14) - 103/(-2) a composite number?
True
Let b be (-133)/2*(-20 - -8). Let n = 271 + b. Is n a composite number?
False
Let j(i) = 416*i - 99. Is j(28) prime?
True
Let y be -2 + -1 - (5 - -6). Let x(r) be the third derivative of -r**6/120 - r**5/5 - r**4/12 - r**3/6 + 3*r**2. Is x(y) a prime number?
True
Let f(l) = 2*l**3 - 4*l**2 + 2*l. Let x be f(5). Suppose -5*a = 70 + x. Let v = a + 77. Is v prime?
True
Suppose -2*s - 4 = -4*s. Suppose f - 5 = -2*p + s*f, 3*p - 15 = -f. Suppose -p*i + 5*r = -2237, i - 3*r - 311 = 257. Is i a composite number?
True
Suppose 0 = -2*r + r + 4*b + 20, 0 = -r - 4*b - 12. Suppose -r*g + 6 = -10. Suppose -80 - 12 = -g*m. Is m composite?
False
Let m = 6 - 7. Let p be (m - 2)*(-1 + 2). Is 508 + (-3 + p)/2 composite?
True
Suppose 2*u - 20850 = -i, -2*u = -0*i - i - 20858. Is u a composite number?
False
Is 2456 + -4*3/(-4) a prime number?
True
Suppose 2*g + 5*i - 252 = 105, 3*g + 2*i - 563 = 0. Let w = 102 + g. Is w a prime number?
True
Let p = -726 - -417. Let x = p - -1138. Is x a composite number?
False
Let j be (-15)/3 + 4 - -4. Suppose j*h + 6*h = 6651. Is h a prime number?
True
Suppose 111999 - 3863 = 28*f. Is f composite?
True
Suppose -3*d + 12 = 3*x, -5*d + 2*x = -d - 4. Is 2*15 + ((-10)/(-5))/d prime?
True
Let t(z) = 5*z**2 + 1 - 6*z + 22*z + 10*z**2 - z**3. Let v be t(16). Is v*289 + -5 + 5 a composite number?
True
Let y = -17672 + 25099. Is y a composite number?
True
Let s = -77 + 76. Is s - ((-13)/26 + (-159)/2) composite?
False
Let d = -7244 + 14241. Is d prime?
True
Let w(y) be the third derivative of y**5/15 - y**4/4 + 31*y**3/6 + 3*y**2. Is w(-6) a prime number?
True
Suppose 5*r + 14 = -6. Let z(y) = y**2 + y - 1. Let t(l) = -19*l**2 - 8*l + 15. Let g(b) = -t(b) - 6*z(b). Is g(r) composite?
False
Let p = -265 + 458. Let a be p/2 + (-5)/10. Let h = 109 + a. Is h a prime number?
False
Let u = 6323 + -4236. Suppose -4*m - 4*o + 3649 = -u, 3*m = o + 4322. Is m composite?
False
Is ((-1)/(-3))/((-99614)/(-16602) - 6) a prime number?
True
Suppose 4*u + 0*n = -4*n + 72, 5*u + n = 78. Is 3/(-2)*(-4070)/u a prime number?
False
Let p = 652 - 163. Suppose -10*r + 7*r = -p. Is r a composite number?
False
Let s = -84 - -84. Suppose 2*d + 5*c - 3936 = s, 2*d + 3*c = 4*c + 3924. Is d composite?
True
Let j(m) be the third derivative of -5*m**4/24 - 13*m**3/6 - 5*m**2. Let f be j(-3). Is ((-317)/f)/((-1)/2) a prime number?
True
Suppose 4*p + 0*o = 4*o + 5752, o = 3. Is p composite?
True
Suppose -4*a + 15046 = -2*k, -5*k + 4*k = 1. Is a a composite number?
False
Let j be -2*(24/32 + (-1798)/(-8)). Suppose 2*t = -3*g - 14, 0*g = 3*g - 5*t + 7. Is j/g - 4/(-16) prime?
True
Suppose 5*v = 2*n - 137515, -3*v - 343778 = -5*n - 0*v. Is n a composite number?
True
Suppose 4*v = 5*i - 0*v - 6, 4*i - 9 = -v. Is ((-165)/(-6) - 4)*i prime?
True
Suppose -131*j = -139*j + 39896. Is j a prime number?
True
Suppose 3*h - m = 10, 4*h + 3*m = 40 - 5. Suppose -39 = -g - f, 0 = -4*g + h*g - f - 43. Suppose -2*n + 287 - g = 0. Is n composite?
True
Let a(c) = c**2 - 2*c - 14. Let r be a(-15). Let s = 359 - r. Is s prime?
False
Suppose -2*o + 1355 = -3*j - 268, 0 = -5*o - 5*j + 4120. Suppose -2*k + 4*x = x - o, 0 = 2*k + 4*x - 840. Suppose -2*r + k = 152. Is r prime?
True
Is (-14)/(-77) + 16666*(-28)/(-88) a prime number?
True
Let p be -1 - -5 - (1 - 1). Suppose -p*s - 6 = -6*s, -5*s + 517 = 2*o. Is o prime?
True
Suppose -5*v + 61189 = -0*m + 3*m, -4*m = 8. Is v composite?
False
Let n(z) = 7 - 2*z + 7*z - 3*z + 3*z**2. Is n(-4) composite?
False
Suppose 3*q + 0 = -4*f - 5, -4*f - 30 = -2*q. Suppose -4*z = -3 - q. Suppose -z*s + 159 = 3*r - 68, -3*s + 357 = -r. Is s composite?
True
Suppose -2*o = 3*o + 2*j - 25, -3*o + 4*j - 11 = 0. Let r(m) = 27*m - 2. Let a(l) = -l - 1. Let c(g) = 5*a(g) + r(g). Is c(o) prime?
True
Let g(p) = 32*p**2 - 6*p - 13. Suppose -2*n - 32 = -54. Is g(n) prime?
True
Suppose 2*w + w = 39. Let y be (-8)/12*(-198)/12. Suppose 130 = -y*h + w*h. Is h prime?
False
Suppose -8*c + 10 = -3*c. Suppose -390 = -2*n - c*x, 3*n + 4*x + 0*x = 586. Is n a composite number?
True
Let f = 593 + 2366. Is f composite?
True
Suppose -a = -6*a. Is (0 - -191)/(a - -1) prime?
True
Suppose 0 = -4*t - 10 + 38. Suppose -t*i = -5*i - 4. Suppose -4*b + 9*b - 170 = -5*w, i*b = -6. Is w a composite number?
False
Let z = 10603 - -334. Is z a prime number?
True
Suppose 0 = 5*u - b - 18153, -3*u - 7*b = -11*b - 10885. Is u a composite number?
False
Suppose 7*u = 5*u + 32. Let r(c) = c**2 + c - 1. Let t(q) = -21*q - 17. Let z(m) = -r(m) - t(m). Is z(u) a prime number?
False
Let t be ((-8)/(-12))/((-1)/51). Let p be 9865/(-30) + 1/(-6). Let d = t - p. Is d prime?
False
Is -6*2082/(-24)*2 prime?
False
Is 4/(-40)*-21766*5 a prime number?
True
Let c be 2913/11 - (-2)/11. Let q = c + 556. Is q a prime number?
True
Suppose -69*r = -256656 + 74634. Is r composite?
True
Is (2*(-1)/3)/((-178)/731847) prime?
True
Let k be -4*1/(-14) + (-7500)/(-14). Suppose -74*w + k = -70*w. Is w prime?
False
Let a = 3813 + -1204. Is a a prime number?
True
Let z(s) = -4*s - 18. Let w be z(-8). Suppose w*v - 2236 = 10*v. Is v prime?
False
Suppose -12*f + 18919 + 11093 = 0. Is f a prime number?
False
Let a be -25 + 28 - (0 - 1 - 1344). Suppose 3*k = -6*h + h + 3371, 2*h + k - a = 0. Is h prime?
True
Let l = 5 - 5. Suppose 9 = -l*r - 3*r. Is 2 + (-375)/(r - 0) composite?
False
Suppose -2 = 2*w, 4*j - 5*w - 109359 = 213250. Is j composite?
False
Suppose -3*x = -2*x - 531. Suppose -5*b = -2066 + x. Is b a prime number?
True
Suppose -810 = -4*r + 302. Let s = r - 129. Is s prime?
True
Suppose 0 = 2*p - 4 - 0. Is 3/p*((-12680)/12)/(-5) a composite number?
False
Let k be 2 + -7 - (-35)/5. Suppose k*p = -10, c + 0*p = -2*p + 213. Is c prime?
True
Let d be ((-45)/18)/((-2)/188). Let s = d - 78. Is s a prime number?
True
Let f be 0/(2/((-4)/6)). Suppose n - 12*n + 7843 = f. Is n a composite number?
True
Let l(y) = -3*y - 2. Let r be l(2). Is (2 + 928 - -4)*(-28)/r a prime number?
False
Suppose 0 = -44*v + 27*v + 293947. Is v a composite number?
False
Suppose 11939 = -4*o - 12337. Is o/(-5) + 4/20 prime?
False
Let t(o) = o**3 - 6*o**2 + 4*o + 6. Let l be t(5). Let j be l/(-3 - 26/(-8)). Suppose -j*y + y - 4*x + 1249 = 0, -5*x = -4*y + 1686. Is y prime?
True
Suppose -4*s + 0*s - 32 = 0. Let q(r) = -r**2 - 16*r - 9. Is q(s) a prime number?
False
Suppose 0 = 4*q + 2*h - 290, 5*q - 2*h = 3*h + 370. Let p(c) = 2*c**2 + c. Let b be p(-2). Let s = q - b. Is s prime?
True
Let d be (0 + 0)/(0 - -2). Is -4 - (d - -3)*-87 a composite number?
False
Suppose -5*h + 2 + 8 = 0. Suppose -f + 342 = 3*a - a, h*a + 2*f = 346. Is a a prime number?
False
Let h = 4698 + -1763. Is h prime?
False
Suppose 8 = -2*d - 2, -4*p - 2*d = -6. Suppose -3*b + p*y + 4083 = 6*y, 4*b - 5444 = -y. Is b prime?
True
Suppose 0 = 5*l + 2*z - 8661 + 192, 5*z - 3396 = -2*l. Is l a prime number?
True
Let y = 8 + -5. Let f(h) = 151*h**2 + h + 5. Is f(y) a composite number?
False
Suppose -28*g + 100534 = -636622. Is g a composite number?
True
Let b(h) be the first derivative of 4*h**3/3 + 11*h**2/2 + 11*h - 19. Is b(12) prime?
True
Let o be 10/((-14)/24 + (-3)/(-12)). Is (4 + o/9)/((-2)/(-1839)) a composite number?
False
Let d be 2/1 - (-2 - 122). Let n = d + 85. Is n prime?
True
Suppose 0 = -2*b - 3*w - 12, b - w + 7 = -3*w. Let h be -2 + 0 - 18/b. Suppose 4*n - 3*i - 223 - 1849 = 0, h*n = -4*i + 2100. Is n prime?
True
Suppose -g = 3*g. Suppose 3*k - k = g, y - 4*k - 253 = 0. Is y prime?
False
Let i(z) = -24*z - 5. Suppose 15 = -v - 0*w - 5*w, 5*v + 3*w = 13. Suppose -2*a + 8 = -a - 4*k, v*a + 35 = -5*k. Is i(a) a composite number?
True
Let s = 6778 + -4401. Let a = -1016 + s. Is a a composite number?
Fa